s divided by 157?
59
Let d(r) = 3*r**2 - 19*r + 32. What is the remainder when 11359 is divided by d(10)?
141
Let z be 598/39 - (1/3 + -1). Suppose z*h + 4*h - 220 = 0. What is the remainder when 18 is divided by h?
7
Let a(o) = 2 + 6*o**2 + 675*o - 675*o. Let j be a(-2). Suppose -21*p + j*p = 135. What is the remainder when p is divided by 6?
3
Suppose 0*a - 3*a - m + 191 = 0, 4*a - 257 = m. Calculate the remainder when -6 + 7 + 6 + 145 is divided by a.
24
Let d = -217 - -241. Suppose 4*f + 87 + 139 = 2*t, 458 = 4*t - 5*f. Calculate the remainder when t is divided by d.
21
Suppose 5*n + 3*g = 840, -70*g + 67*g - 15 = 0. Calculate the remainder when 1704 is divided by n.
165
Let s(q) = -q. Let g(x) = -x**2 + x - 6. Let r be g(0). Let j be s(r). Calculate the remainder when 2/3 + 368/j is divided by 16.
14
Let u(w) = 58*w - 29. Suppose -4*r + 17 = -2*j + 197, 0 = -2*r - 8. Calculate the remainder when u(6) is divided by j.
73
Let n = -20 + 22. Suppose -5 = -n*o + o, 2*z + o + 121 = 0. What is the remainder when -4 + 3 - (-1)/((-3)/z) is divided by 4?
0
Let d be 2 - 1 - (-3)/((-6)/(-10)). Calculate the remainder when 249/d + 2/(-4) is divided by -1 + 0 + -2 + -2 + 28.
18
Let w(b) = 12*b**2 - 2*b + 1. Let p be (-28)/(-36) - 14/(-63). Let n = -18 - -59. Calculate the remainder when n is divided by w(p).
8
Suppose q + 1250 = 6*q. Calculate the remainder when q is divided by 26 + 23 + (33 - 54).
26
Let s = 3118 + -2123. Let d = s + -307. What is the remainder when d is divided by 53?
52
Let w = -6 + 11. Suppose 0 = -4*j + 15 + w. Let o = -1828 - -1832. Calculate the remainder when j is divided by o.
1
Let w = -1549 - -1618. What is the remainder when 541 is divided by w?
58
Let q(x) = -39*x + 116. Suppose 28*k - 18*k + 100 = 0. Calculate the remainder when q(k) is divided by 39.
38
Let a(t) = 158*t**2 - 10*t - 10. Let i = -473 - -472. What is the remainder when a(i) is divided by 10?
8
Suppose -53*q - 875 = -18*q. Let b(w) = w**2 + 14*w + 43. Calculate the remainder when b(q) is divided by 64.
62
Suppose -5*k + 37 - 41 = -179. Calculate the remainder when 142 is divided by k.
2
Let s = 42 + -35. Let y(z) = -1. Let a(i) = -4*i + 9. Let r(f) = -a(f) + 4*y(f). Calculate the remainder when r(s) is divided by 8.
7
Let t(o) = 2*o**3 + 33*o**2 + 17*o - 26. Calculate the remainder when t(-13) is divided by 246.
198
Let z(s) = -121*s + 14. What is the remainder when 289 is divided by z(0)?
9
Suppose 3360*r - 3304 = 3346*r. What is the remainder when 665 is divided by r?
193
Suppose -295 = -5*r - 5*c, 2*r - 106 = 3*c - 8*c. What is the remainder when r is divided by (4/(-3)*1 + -2)/(1202/(-5409))?
3
Suppose 0 = -3*l - 3, -3*a = 4*l + 27 - 239. What is the remainder when 466 is divided by a?
34
Suppose 144*l - 2815 = -2*t + 147*l, -1411 = -t + l. What is the remainder when t is divided by 51?
41
Let t(d) = -8 + 6 - 1 - 2 - d + 2. Let k be ((-10)/(-6))/((-1)/6). Calculate the remainder when 18 is divided by t(k).
4
Let w(l) = 38*l**2 + 0 + 0 - 3 + 4. Suppose 16560 = 136*b + 176*b - 82*b. What is the remainder when b is divided by w(1)?
33
Suppose -2*a - 212 = -3*a + 4*b, -4*a + 932 = -2*b. What is the remainder when 239 is divided by a?
3
Let q(y) = -y**3 + 11*y**2 + 54*y - 60. Calculate the remainder when q(13) is divided by 41.
17
Let s be (-16)/(-2)*1826/(-88). Let n = 190 + s. What is the remainder when 260 is divided by n?
20
Suppose -629 = -7*y - 615. Suppose -5*s + 194 = k - 4*k, -3*s + y*k = -116. Let i = 78 - 56. What is the remainder when s is divided by i?
18
Calculate the remainder when 2041 - 240/72*(-36)/15 is divided by 39.
21
Suppose -4 = 18*j - 544. What is the remainder when j is divided by 26?
4
Calculate the remainder when 908 is divided by 30/(-21) - (-3282)/14.
209
Let z = 21 + -13. Suppose -12*x = -4*x + z. Calculate the remainder when ((-15)/12)/(x + (-102)/(-104)) is divided by 22.
21
Suppose -445*q - 5060 = -455*q. What is the remainder when q is divided by 138?
92
Suppose 3*t = -6, -t + 4*t + 70 = 4*k. Suppose 2*o - 2 = k. What is the remainder when 17 is divided by o?
8
Let o(k) = -k**2 - 17*k - 21. Let s be o(-16). Let w = -47 - -38. Calculate the remainder when 58 is divided by 9/1 + s/(15/w).
10
Suppose -47*w = -45*w - 6. Let o(c) = -3*c - w - 7 + 9 + 17. What is the remainder when o(0) is divided by 2?
0
Suppose -5*r + 7*y = 5*y - 132, 0 = -3*r + y + 79. Calculate the remainder when 177 is divided by r.
21
Suppose -32*b - 37*b + 8142 = 0. Calculate the remainder when 704 is divided by b.
114
Let p = -108 + 156. Suppose 2*l + 824 = q + 4*q, -l - 822 = -5*q. Suppose -4*s = p - q. What is the remainder when s is divided by 18?
11
Let q(c) = c - 4. Let j be q(6). Let m(x) = -x**3 - 3*x**2 - 4. Let u be m(j). Let t = 33 + u. What is the remainder when 71 is divided by t?
8
Suppose -3*b + 3*r - 5*r + 101 = 0, 5*b - r - 190 = 0. Let i = -24 + b. Calculate the remainder when i is divided by 4.
1
Let n = -3752 - -7296. Calculate the remainder when n is divided by 91.
86
What is the remainder when 5 + -1 + 66/11 + 2 is divided by 8?
4
Let z(b) = -b**2 + 9*b - 5. Let p be z(8). Suppose 11*k + p*k - 1414 = 0. Let s(y) = y**3 - 4*y**2 - 5*y - 16. What is the remainder when k is divided by s(6)?
23
Suppose 93*o = 20*o + 292. Calculate the remainder when 43 is divided by o.
3
Suppose 4*b - 672 = 7*b + 3*j, 5*b = -j - 1120. Let u = -200 - b. What is the remainder when 40 is divided by u?
16
Suppose -2*h - 4*a = -442 + 2, h - 3*a - 245 = 0. What is the remainder when h is divided by 28?
6
Let z(r) = r**3 - 14*r**2 + 26*r + 29. Let w = -391 + 403. Calculate the remainder when 104 is divided by z(w).
51
Let m(h) = -h**3 - 9*h**2 + 64*h - 39. Calculate the remainder when 3641 is divided by m(-14).
41
Let h(u) = u**2 + 2*u - 3. Let y be h(-3). Suppose y = -11*r - 72 - 82. Let a(i) = -4*i - 21. Calculate the remainder when a(r) is divided by 9.
8
Calculate the remainder when 358 is divided by 8 + -2 - (20 + -9 + -15).
8
Let y = -5328 - -5377. Calculate the remainder when 843 is divided by y.
10
Let y = 12608 + -11663. Calculate the remainder when y is divided by 311.
12
Suppose 3*w = 9*w - 3240. Calculate the remainder when (w/12)/((-2)/(-4)) is divided by 32.
26
Suppose 11*i = 1443 - 79. Suppose j - 59 = p, j + p + 0*p = 57. What is the remainder when i is divided by j?
8
Let q(r) = 2*r**2 + 21*r + 14. Let k be q(13). Let d = k - 563. What is the remainder when 432 is divided by d?
60
Let k be ((-16)/(-14) + -2)/(7/(-49)). Let r = 19 + k. Calculate the remainder when 42 is divided by 30/r*20 - (0 - 0).
18
Suppose 17*y - 4487 - 11902 = 13548. Calculate the remainder when y is divided by 9.
6
Suppose -39*z - 76526 = -105*z - 17588. What is the remainder when z is divided by 32?
29
Let i(f) = -37 + 4*f + 46 + 3*f + f**2. Let v be i(-6). Suppose d = -v*d + 56. What is the remainder when 68 is divided by d?
12
Suppose 20 = 3*h - 88. Suppose -h*f + 184 = -34*f. Calculate the remainder when f is divided by 24.
20
Suppose -y + 10 = -2*x, -4*x - 4*y - 32 = -0*y. Let p(s) = s**3 - s**2 + s + 35. Calculate the remainder when 2*3/x - -139 is divided by p(0).
33
Suppose -6*v = 1540 + 140. Calculate the remainder when -5 - (-10 + v) - (3 + 0) is divided by 57.
54
Let j = 6797 + -6653. What is the remainder when j is divided by 141?
3
Suppose -1671*f + 1632*f - 3766 = -35746. What is the remainder when f is divided by 217?
169
What is the remainder when 455 is divided by (-2)/3 + (-20)/15 + (-890)/(-2)?
12
Let y = -14893 - -15616. Calculate the remainder when y is divided by 710.
13
Let n = -572 + 582. Let b(r) = r**3 - 2*r**2 - 4*r - 2. What is the remainder when b(4) is divided by n?
4
Let h(q) be the first derivative of 4*q**3/3 - 3*q**2 + 14*q - 42. Let s be h(2). Calculate the remainder when 14*((-8)/(-6) + (-6)/s) is divided by 10.
4
Suppose -71*r - 2419 = 21*r - 5455. What is the remainder when 101 is divided by r?
2
Suppose 3*f = 24 + 15. Suppose -8*r = -11 - 45. What is the remainder when f is divided by r?
6
Let o = -2 + 2. Suppose 2*n - 4 = -o*n. Suppose p - 5*p + n*u = -292, 5*u + 304 = 4*p. What is the remainder when p is divided by 12?
11
Suppose 5*s + 109 = j - 24, 621 = 5*j - 3*s. What is the remainder when 991 is divided by j?
7
Let x(j) = 21*